{"id":90,"date":"2024-06-24T22:42:24","date_gmt":"2024-06-24T20:42:24","guid":{"rendered":"https:\/\/ludmilla-von-arseniew.de\/?page_id=90"},"modified":"2025-03-09T09:18:31","modified_gmt":"2025-03-09T08:18:31","slug":"ausstellungen","status":"publish","type":"page","link":"https:\/\/ludmilla-von-arseniew.de\/?page_id=90","title":{"rendered":"Ausstellungen"},"content":{"rendered":"\t\t<div data-elementor-type=\"wp-page\" data-elementor-id=\"90\" class=\"elementor elementor-90\">\n\t\t\t\t<div class=\"elementor-element elementor-element-6dc280e8 e-con-full e-flex e-con e-parent\" data-id=\"6dc280e8\" data-element_type=\"container\" data-e-type=\"container\">\n\t\t\t\t<div class=\"elementor-element elementor-element-81a6c87 elementor-widget elementor-widget-text-editor\" data-id=\"81a6c87\" data-element_type=\"widget\" data-e-type=\"widget\" data-widget_type=\"text-editor.default\">\n\t\t\t\t<div class=\"elementor-widget-container\">\n\t\t\t\t\t\t\t\t\t\n<div class=\"wp-block-spacer\" style=\"height: 50px;\" aria-hidden=\"true\">\u00a0<\/div>\n\n<div class=\"wp-block-buttons is-content-justification-right is-layout-flex wp-container-core-buttons-is-layout-765c4724 wp-block-buttons-is-layout-flex\">\n<div class=\"wp-block-button is-style-outline is-style-outline--2\"><a class=\"wp-block-button__link wp-element-button\" href=\"https:\/\/ludmilla-von-arseniew.de\/?page_id=126\">zur\u00fcck<\/a><\/div>\n<\/div>\n\n<div class=\"wp-block-spacer\" style=\"height: 20px;\" aria-hidden=\"true\">\u00a0<\/div>\n\n<div class=\"wp-block-group is-layout-constrained wp-block-group-is-layout-constrained\">\n<p><strong>EINZELAUSSTELLUNGEN<\/strong><\/p>\n\n<p>1967\u00a0 Zeitkunst, Remscheid<br \/>1968\u00a0 Alexander-von-Humboldt-Haus, Aachen<br \/>1970\u00a0 Rheinisches Landestheater, Neuss<br \/>\u00a0\u00a0\u00a0\u00a0\u00a0\u00a0\u00a0\u00a0\u00a0 P\u00e4dagogische Hochschule, Neuss<br \/>1972\u00a0 Galerie im Schmitz-KG-Haus, D\u00fcsseldorf<br \/>1973\u00a0 Kunsthistorisches Institut der Universit\u00e4t, K\u00f6ln<br \/>1974\u00a0 Landschaftsverband Rheinland, Landeshaus, K\u00f6ln<br \/>1975\u00a0 Commerzbank, M\u00fcnster<br \/>\u00a0\u00a0\u00a0\u00a0\u00a0\u00a0\u00a0\u00a0 \u00a0Galerie 61, Velbert<br \/>1976\u00a0 Banque Bruxelles Lambert, Br\u00fcssel<br \/>1978\u00a0 Galerie im DAI, T\u00fcbingen<br \/>1980\u00a0 Kunstverein, Vechta<br \/>\u00a0\u00a0\u00a0\u00a0\u00a0\u00a0\u00a0\u00a0\u00a0 Kunstverein, Paderborn<br \/>1981\u00a0 Kunsthalle Bremerhaven<br \/>\u00a0\u00a0\u00a0\u00a0\u00a0\u00a0\u00a0\u00a0\u00a0 Museum Abtei Liesborn<br \/>\u00a0\u00a0\u00a0\u00a0\u00a0\u00a0\u00a0\u00a0\u00a0 Galerie Gmyrek, D\u00fcsseldorf<br \/>1982\u00a0 St\u00e4dtische Kellergalerie, D\u00fcsseldorf (Katalog)<br \/>\u00a0\u00a0\u00a0\u00a0\u00a0\u00a0\u00a0\u00a0\u00a0 DRK-Zentrum, D\u00fcsseldorf<br \/>1985\u00a0 Kunstkreis Hameln (Fernsehbeitrag)<br \/>\u00a0\u00a0\u00a0\u00a0\u00a0\u00a0\u00a0\u00a0\u00a0 Galerie Leiber, Krefeld<br \/>1987\u00a0 Museum Abtei Liesborn (Katalog)<br \/>\u00a0\u00a0\u00a0\u00a0\u00a0\u00a0\u00a0\u00a0\u00a0 Schlo\u00df Meersburg, Meersburg<br \/>1989\u00a0 Galerie Lipski, Wesel<br \/>1990\u00a0 St\u00e4dtische Galerie Albstadt (Katalog)<br \/>1991\u00a0 St\u00e4dtische Galerie Peschkenhaus, Moers<br \/>\u00a0\u00a0\u00a0\u00a0\u00a0\u00a0\u00a0\u00a0\u00a0 Galerie Lipski, Wesel<br \/>1992\u00a0 Martinskirche, M\u00fcllheim\/Baden<br \/>1994\u00a0 Kath. Pfarrhaus, Heitersheim Kunstakademie<br \/>\u00a0\u00a0\u00a0\u00a0\u00a0\u00a0\u00a0\u00a0\u00a0 M\u00fcnster, M\u00fcnster<br \/>\u00a0\u00a0\u00a0\u00a0\u00a0\u00a0\u00a0\u00a0\u00a0 Markgr\u00e4fler Museum, M\u00fcllheim\/Baden (Katalog)<br \/>1997\u00a0 33. Festival Pontino di Musica, Sermoneta<br \/>\u00a0\u00a0\u00a0\u00a0\u00a0\u00a0\u00a0\u00a0\u00a0 NE Galerie, Darmstadt<br \/>\u00a0\u00a0\u00a0\u00a0\u00a0\u00a0\u00a0\u00a0\u00a0 Kunstpunkte, D\u00fcsseldorf<br \/>1998\u00a0 Ehemalige Reichsabtei Aachen-Kornelim\u00fcnster <br \/>\u00a0\u00a0\u00a0\u00a0\u00a0\u00a0\u00a0\u00a0\u00a0 (Katalog)<br \/>\u00a0\u00a0\u00a0\u00a0\u00a0\u00a0\u00a0\u00a0\u00a0 PNE-Praxis, Bergheim<br \/>2000\u00a0 Kunstakademie M\u00fcnster FFS<br \/>2001\u00a0 Kunsthandlung Osper, K\u00f6ln<br \/>2002\u00a0 Emschertal-Museum, Herne (Katalog)<br \/>2006\u00a0 Alte Probstei, M\u00fcnstermaifeld<br \/>2011\u00a0 Markgr\u00e4fler Museum, M\u00fcllheim\/Baden (Katalog)<br \/>2014\u00a0 Kunstverein Schallstadt, Schallstadt<br \/>\u00a0\u00a0\u00a0\u00a0\u00a0\u00a0\u00a0\u00a0\u00a0 Markgr\u00e4fler Museum M\u00fcllheim\/Baden (Katalog)<br \/>2017\u00a0 Friedenskirche, Krefeld<br \/>2018\u00a0 Gemeinschaftskrankenhaus, Herdecke (Katalog)<br \/>2019\u00a0 Emschertal Museum, Herne (Katalog)<br \/>2020\u00a0 NAHE FERNE, VICINA LONTANANZA, Bialystok,\u00a0\u00a0 <br \/>\u00a0\u00a0\u00a0\u00a0\u00a0\u00a0\u00a0\u00a0\u00a0 Polen<br \/><br \/><br \/><strong>GRUPPENAUSSTELLUNGEN<\/strong><\/p>\n\n<p>1966\u00a0 Winterausstellung, D\u00fcsseldorf<br \/>1967\u00a0 Kunstpreis der Jugend, Bochum<br \/>1968\u00a0 Kunstpreis der Jugend, Mannheim, Enschede<br \/>\u00a0\u00a0\u00a0\u00a0\u00a0\u00a0\u00a0\u00a0\u00a0 Westdeutscher K\u00fcnstlerbund, Hagen<br \/>\u00a0\u00a0\u00a0\u00a0\u00a0\u00a0\u00a0\u00a0\u00a0 Sonderraum Winterausstellung. D\u00fcsseldorf<br \/>1970\u00a0 Experiment 70, Kunstmuseum D\u00fcsseldorf<br \/>1971\u00a0 D\u00fcsseldorf, Stadt der K\u00fcnste, D\u00fcsseldorf<br \/>1972\u00a0 Aspekte der gegenw\u00e4rtigen Kunst in NRW, Bonn, <br \/>\u00a0\u00a0\u00a0\u00a0\u00a0\u00a0\u00a0\u00a0\u00a0 Detmold, Herne, Iserlohn, Abtei Liesborn, M\u00fcllheim, <br \/>\u00a0\u00a0\u00a0\u00a0\u00a0\u00a0\u00a0\u00a0\u00a0 Paderborn, Recklinghausen, Viersen, Marl<br \/>1973\u00a0 Gro\u00dfe Kunstausstellung M\u00fcnchen<br \/>1974\u00a0 Kunstschau Spielbank, Westerland<br \/>1975\u00a0 Landesmuseum M\u00fcnster<br \/>\u00a0\u00a0\u00a0\u00a0\u00a0\u00a0\u00a0\u00a0\u00a0 Young Artists 75, New York<br \/>1976\u00a0 Nachbarschaft, Kunsthalle D\u00fcsseldorf<br \/>\u00a0\u00a0\u00a0\u00a0\u00a0\u00a0\u00a0\u00a0\u00a0 Winterausstellung, D\u00fcsseldorf<br \/>1977\u00a0 Er und ich, Rob.-Schumann-Institut, D\u00fcsseldorf<br \/>1979\u00a0 Westdeutscher K\u00fcnstlerbund, Hagen<br \/>1980\u00a0 Gedok, K\u00f6ln<br \/>\u00a0\u00a0\u00a0\u00a0\u00a0\u00a0\u00a0\u00a0\u00a0 Gro\u00dfe D\u00fcsseldorfer Kunstausstellung<br \/>\u00a0\u00a0\u00a0\u00a0\u00a0\u00a0\u00a0\u00a0\u00a0 Wissenschaftszentrum Bad Godesberg<br \/>\u00a0\u00a0\u00a0\u00a0\u00a0\u00a0\u00a0\u00a0\u00a0 8 Grotesch\u00fcler heute, Schlo\u00df Hardenberg, Velbert<br \/>1981\u00a0 Italienisches Institut K\u00f6ln<br \/>\u00a0\u00a0\u00a0\u00a0\u00a0\u00a0\u00a0\u00a0\u00a0 Gro\u00dfe D\u00fcsseldorfer Kunstausstellung, D\u00fcsseldorf<br \/>1982\u00a0 Kunstverein M\u00fcnster<br \/>\u00a0\u00a0\u00a0\u00a0\u00a0\u00a0\u00a0\u00a0\u00a0 96 aus Westfalen, M\u00fcnster<br \/>\u00a0\u00a0\u00a0\u00a0\u00a0\u00a0\u00a0\u00a0\u00a0 Kunsthalle Recklinghausen<br \/>1983\u00a0 Deutscher K\u00fcnstlerbund, Berlin<br \/>1984\u00a0 Gro\u00dfe D\u00fcsseldorfer Kunstausstellung, D\u00fcsseldorf<br \/>\u00a0\u00a0\u00a0\u00a0\u00a0\u00a0\u00a0\u00a0\u00a0 IBA, Berlin<br \/>\u00a0\u00a0\u00a0\u00a0\u00a0\u00a0\u00a0\u00a0\u00a0 Amnesty International, Aachen<br \/>1986\u00a0 Dresdner Bank, Leverkusen<br \/>\u00a0\u00a0\u00a0\u00a0\u00a0\u00a0\u00a0\u00a0\u00a0 Buga D\u00fcsseldorf<br \/>1987\u00a0 Galerie Hohenfelde, Hamburg<br \/>1988\u00a0 Galerie Hohenfelde, Hamburg<br \/>1989\u00a0 Auktionsausstellung f\u00fcr die Aids-Hilfe, D\u00fcsseldorf<br \/>1991\u00a0 Westdeutscher K\u00fcnstlerbund, Hagen<br \/>1992\u00a0 Auktionsausstellung f\u00fcr die Aids-Hilfe, D\u00fcsseldorf<br \/>1993\u00a0 12 x Kunstakademie, M\u00fcnster<br \/>1994\u00a0 Kunst in unserer Region, Tecklenburg<br \/>\u00a0\u00a0\u00a0\u00a0\u00a0\u00a0\u00a0\u00a0\u00a0 Westdeutscher K\u00fcnstlerbund, Recklinghausen<br \/>1995\u00a0 Frauenmesse, D\u00fcsseldorf<br \/>1996\u00a0 Westdeutscher K\u00fcnstlerbund, Hamm<br \/>\u00a0\u00a0\u00a0\u00a0\u00a0\u00a0\u00a0\u00a0\u00a0 Kunst aus dem Koffer, Kunstakademie <br \/>\u00a0\u00a0\u00a0\u00a0\u00a0\u00a0\u00a0\u00a0\u00a0 Stockholm (Katalog)<br \/>\u00a0\u00a0\u00a0\u00a0\u00a0\u00a0\u00a0\u00a0\u00a0 Mysterium Wein, Hist. Museum der Pfalz, Speyer <br \/>\u00a0\u00a0\u00a0\u00a0\u00a0\u00a0\u00a0\u00a0\u00a0 (Katalog)<br \/>\u00a0\u00a0\u00a0\u00a0\u00a0\u00a0\u00a0\u00a0\u00a0 Unterwegs, Vorbilder, Kunstakademie M\u00fcnster in <br \/>\u00a0\u00a0\u00a0\u00a0\u00a0\u00a0\u00a0\u00a0\u00a0 der Kunstakademie Dresden<br \/>1998\u00a0 Begegnungen, St\u00e4dt. Galerie Albstadt, Albstadt<br \/>1999\u00a0 Galerie Fluchtstab, Staufen<br \/>2000\u00a0 Westdeutscher K\u00fcnstlerbund, L\u00fcdenscheid (Katalog)<br \/>2001\u00a0 Venez Situationen<br \/>\u00a0\u00a0\u00a0\u00a0\u00a0\u00a0\u00a0\u00a0\u00a0 Kunstakademie M\u00fcnster St\u00e4dt. Galerie, Kaunas (Lit.)<br \/>\u00a0\u00a0\u00a0\u00a0\u00a0\u00a0\u00a0\u00a0\u00a0 Amnesty international, Badenweiler<br \/>2002\u00a0 Westdeutscher K\u00fcnstlerbund, Bochum (Katalog)<br \/>2005\u00a0 M\u00fcnster, Landesmuseum, zwischen T\u00fcr und Angel <br \/>\u00a0\u00a0\u00a0\u00a0\u00a0\u00a0\u00a0\u00a0\u00a0 (Katalog)<br \/>2008\u00a0 Herne, St\u00e4dt. Galerie, Schlu\u00dfstrich (Katalog)<br \/>2009\u00a0 M\u00fcllheim\/Baden, Amnesty international<br \/>2010\u00a0 Kaunas, St\u00e4dt. Galerie, Meno Parkas<br \/>2012\u00a0 Benrather Kunstkreis, D\u00fcsseldorf<br \/>2013\u00a0 Das kleine Format, Atelierausstellung D\u00fcsseldorf<br \/>2014\u00a0 Sie und ihre Ausstellungen, Kunst aus NRW, <br \/>\u00a0\u00a0\u00a0\u00a0\u00a0\u00a0\u00a0\u00a0 Kornelim\u00fcnster\/Aachen<br \/>2015\u00a0 Michaelskirche, Wuppertal<br \/>\u00a0\u00a0\u00a0\u00a0\u00a0\u00a0\u00a0\u00a0\u00a0 Kunsthaus, Erkrath<br \/>\u00a0\u00a0\u00a0\u00a0\u00a0\u00a0\u00a0\u00a0\u00a0 St\u00e4dt. Galerie, Albstadt<br \/>2016\u00a0 Kunstmuseum, Albstadt<br \/>2018\u00a0 Mediathek, M\u00fcllheim\/Baden<br \/>2019\u00a0 D\u00fcsseldorf Atelierausstellung<\/p>\n<\/div>\n\t\t\t\t\t\t\t\t<\/div>\n\t\t\t\t<\/div>\n\t\t\t\t<\/div>\n\t\t<div class=\"elementor-element elementor-element-6681197 e-flex e-con-boxed e-con e-parent\" data-id=\"6681197\" data-element_type=\"container\" data-e-type=\"container\">\n\t\t\t\t\t<div class=\"e-con-inner\">\n\t\t\t\t\t<\/div>\n\t\t\t\t<\/div>\n\t\t\t\t<\/div>\n\t\t","protected":false},"excerpt":{"rendered":"<p>EINZELAUSSTELLUNGEN 1967\u00a0 Zeitkunst, Remscheid1968\u00a0 Alexander-von-Humboldt-Haus, Aachen1970\u00a0 Rheinisches Landestheater, Neuss\u00a0\u00a0\u00a0\u00a0\u00a0\u00a0\u00a0\u00a0\u00a0 P\u00e4dagogische Hochschule, Neuss1972\u00a0 Galerie im Schmitz-KG-Haus, D\u00fcsseldorf1973\u00a0 Kunsthistorisches Institut der Universit\u00e4t, K\u00f6ln1974\u00a0 Landschaftsverband Rheinland, Landeshaus, K\u00f6ln1975\u00a0 Commerzbank, M\u00fcnster\u00a0\u00a0\u00a0\u00a0\u00a0\u00a0\u00a0\u00a0 \u00a0Galerie 61, Velbert1976\u00a0 Banque Bruxelles Lambert, Br\u00fcssel1978\u00a0 Galerie im DAI, T\u00fcbingen1980\u00a0 Kunstverein, Vechta\u00a0\u00a0\u00a0\u00a0\u00a0\u00a0\u00a0\u00a0\u00a0 Kunstverein, Paderborn1981\u00a0 Kunsthalle Bremerhaven\u00a0\u00a0\u00a0\u00a0\u00a0\u00a0\u00a0\u00a0\u00a0 Museum Abtei Liesborn\u00a0\u00a0\u00a0\u00a0\u00a0\u00a0\u00a0\u00a0\u00a0 Galerie Gmyrek, D\u00fcsseldorf1982\u00a0 St\u00e4dtische Kellergalerie, D\u00fcsseldorf (Katalog)\u00a0\u00a0\u00a0\u00a0\u00a0\u00a0\u00a0\u00a0\u00a0 DRK-Zentrum, [&hellip;]<\/p>\n","protected":false},"author":1,"featured_media":0,"parent":0,"menu_order":0,"comment_status":"open","ping_status":"closed","template":"","meta":{"footnotes":""},"class_list":["post-90","page","type-page","status-publish","hentry"],"_links":{"self":[{"href":"https:\/\/ludmilla-von-arseniew.de\/index.php?rest_route=\/wp\/v2\/pages\/90","targetHints":{"allow":["GET"]}}],"collection":[{"href":"https:\/\/ludmilla-von-arseniew.de\/index.php?rest_route=\/wp\/v2\/pages"}],"about":[{"href":"https:\/\/ludmilla-von-arseniew.de\/index.php?rest_route=\/wp\/v2\/types\/page"}],"author":[{"embeddable":true,"href":"https:\/\/ludmilla-von-arseniew.de\/index.php?rest_route=\/wp\/v2\/users\/1"}],"replies":[{"embeddable":true,"href":"https:\/\/ludmilla-von-arseniew.de\/index.php?rest_route=%2Fwp%2Fv2%2Fcomments&post=90"}],"version-history":[{"count":48,"href":"https:\/\/ludmilla-von-arseniew.de\/index.php?rest_route=\/wp\/v2\/pages\/90\/revisions"}],"predecessor-version":[{"id":1878,"href":"https:\/\/ludmilla-von-arseniew.de\/index.php?rest_route=\/wp\/v2\/pages\/90\/revisions\/1878"}],"wp:attachment":[{"href":"https:\/\/ludmilla-von-arseniew.de\/index.php?rest_route=%2Fwp%2Fv2%2Fmedia&parent=90"}],"curies":[{"name":"wp","href":"https:\/\/api.w.org\/{rel}","templated":true}]}}